{"id":10,"date":"2020-01-07T19:00:49","date_gmt":"2020-01-07T19:00:49","guid":{"rendered":"https:\/\/dakadv.de\/?page_id=10"},"modified":"2020-01-12T15:57:06","modified_gmt":"2020-01-12T15:57:06","slug":"titel","status":"publish","type":"page","link":"https:\/\/dakadv.de\/","title":{"rendered":"Deutscher Akademikerverband"},"content":{"rendered":"\n<p>Im Bewusstsein der Verantwortung der deutschen Akademiker f\u00fcr  unser Land wollen wir unsere Kraft, unser Wissen und unsere F\u00e4higkeiten  f\u00fcr die Gestaltung der Zukunft und die Bewahrung der Freiheit unseres  Volkes und unseres Landes einsetzen.<\/p>\n\n\n\n<p>Als freie B\u00fcrger und Akademiker treten wir mit Gleichgesinnten f\u00fcr \ndirekte Demokratie, Gewaltenteilung und Rechtsstaatlichkeit, soziale \nMarktwirtschaft, Subsidiarit\u00e4t, F\u00f6deralismus, Familie und die gelebte \nTradition der deutschen Kultur ein. Demokratie und Freiheit stehen auf \ndem Fundament gemeinsamer kultureller Werte und historischer \nErinnerungen. In der Tradition der beiden Revolutionen von 1848 und 1989\n artikulieren wir den Willen, die nationale Einheit in Freiheit zu \nvollenden und ein Europa souver\u00e4ner demokratischer Staaten zu schaffen, \ndie einander in Frieden, Selbstbestimmung und guter Nachbarschaft \nverbunden sind.<\/p>\n\n\n\n<p>Als Akademiker bekennen wir uns zu der Einheit und Freiheit von \nWissenschaft und Lehre an den deutschen Hochschulen, die unser Land zu \nhoher Bl\u00fcte gebracht haben. Diese Grunds\u00e4tze sollen die Basis f\u00fcr unsere\n wissenschaftliche, berufliche und politische Arbeit sein.<\/p>\n\n\n\n<p>Wir setzen uns mit ganzer Kraft daf\u00fcr ein, unser Land im Geist von \nFreiheit und Demokratie grundlegend zu erneuern und eben diesen \nPrinzipien wieder Geltung zu verschaffen. Wir sind offen gegen\u00fcber der \nWelt, wollen aber Deutsche sein und bleiben. Wir wollen die W\u00fcrde des \nMenschen, die Familie mit Kindern, unsere abendl\u00e4ndische christliche \nKultur, unsere Sprache und Tradition in einem friedlichen, \ndemokratischen und souver\u00e4nen Nationalstaat des deutschen Volkes \ndauerhaft erhalten.<\/p>\n\n\n\n<div class=\"wp-block-image\"><figure class=\"aligncenter size-large is-resized\"><img loading=\"lazy\" decoding=\"async\" src=\"https:\/\/dakadv.de\/wp-content\/uploads\/2020\/01\/Berlin_1848.jpg\" alt=\"\" class=\"wp-image-22\" width=\"913\" height=\"715\" srcset=\"https:\/\/dakadv.de\/wp-content\/uploads\/2020\/01\/Berlin_1848.jpg 765w, https:\/\/dakadv.de\/wp-content\/uploads\/2020\/01\/Berlin_1848-300x235.jpg 300w\" sizes=\"auto, (max-width: 913px) 100vw, 913px\" \/><\/figure><\/div>\n","protected":false},"excerpt":{"rendered":"<p>Im Bewusstsein der Verantwortung der deutschen Akademiker f\u00fcr unser Land wollen wir unsere Kraft, unser Wissen und unsere F\u00e4higkeiten f\u00fcr die Gestaltung der Zukunft und die Bewahrung der Freiheit unseres Volkes und unseres Landes einsetzen. Als freie B\u00fcrger und Akademiker treten wir mit Gleichgesinnten f\u00fcr direkte Demokratie, Gewaltenteilung und Rechtsstaatlichkeit, soziale Marktwirtschaft, Subsidiarit\u00e4t, F\u00f6deralismus, Familie&hellip;&nbsp;<a href=\"https:\/\/dakadv.de\/\" rel=\"bookmark\">Weiterlesen &raquo;<span class=\"screen-reader-text\">Deutscher Akademikerverband<\/span><\/a><\/p>\n","protected":false},"author":1,"featured_media":0,"parent":0,"menu_order":0,"comment_status":"closed","ping_status":"closed","template":"","meta":{"neve_meta_sidebar":"","neve_meta_container":"","neve_meta_enable_content_width":"","neve_meta_content_width":0,"neve_meta_title_alignment":"","neve_meta_author_avatar":"","neve_post_elements_order":"","neve_meta_disable_header":"","neve_meta_disable_footer":"","neve_meta_disable_title":"","_themeisle_gutenberg_block_has_review":false,"footnotes":""},"class_list":["post-10","page","type-page","status-publish","hentry"],"_links":{"self":[{"href":"https:\/\/dakadv.de\/index.php?rest_route=\/wp\/v2\/pages\/10","targetHints":{"allow":["GET"]}}],"collection":[{"href":"https:\/\/dakadv.de\/index.php?rest_route=\/wp\/v2\/pages"}],"about":[{"href":"https:\/\/dakadv.de\/index.php?rest_route=\/wp\/v2\/types\/page"}],"author":[{"embeddable":true,"href":"https:\/\/dakadv.de\/index.php?rest_route=\/wp\/v2\/users\/1"}],"replies":[{"embeddable":true,"href":"https:\/\/dakadv.de\/index.php?rest_route=%2Fwp%2Fv2%2Fcomments&post=10"}],"version-history":[{"count":11,"href":"https:\/\/dakadv.de\/index.php?rest_route=\/wp\/v2\/pages\/10\/revisions"}],"predecessor-version":[{"id":398,"href":"https:\/\/dakadv.de\/index.php?rest_route=\/wp\/v2\/pages\/10\/revisions\/398"}],"wp:attachment":[{"href":"https:\/\/dakadv.de\/index.php?rest_route=%2Fwp%2Fv2%2Fmedia&parent=10"}],"curies":[{"name":"wp","href":"https:\/\/api.w.org\/{rel}","templated":true}]}}